+ r. What is the units digit of n?
5
Let n(v) = -v - 9. Let y be n(-7). What is the units digit of y*(0 + 2) + 24?
0
Let c(j) = -j + 2. Let u be c(1). Let s(n) = 38*n**3 + 3*n - 2. What is the units digit of s(u)?
9
Suppose 2*d = d - 21. Let z be 12/2*(-217)/d. Suppose z = -r + 3*r. What is the tens digit of r?
3
Let j(m) = 4*m**3 - 57*m + 5*m**2 - 5*m**3 + 52*m. What is the units digit of j(2)?
2
Let u = -49 - -37. What is the units digit of 2/u - 10843/(-42)?
8
Suppose 23*p + 15*p = 68818. What is the thousands digit of p?
1
Let s = -2 + 5. What is the tens digit of 189/12*8/s?
4
Let l = -70 + 112. Let a be l/(6/2) + -3. Let i(c) = c**3 - 10*c**2 - 9*c - 2. What is the units digit of i(a)?
0
What is the hundreds digit of (33/(-6))/((-12)/3144)?
4
Let s(j) = -275*j + 244. What is the units digit of s(-2)?
4
Suppose 25*t - 29*t + 1796 = 0. What is the tens digit of t?
4
Let u = 399 + 126. What is the tens digit of u?
2
Suppose 357 = 2*c - 403. What is the tens digit of c?
8
What is the thousands digit of 3/15 + (-126792)/(-90)?
1
Suppose -3*a - 15 = 0, m = -4*m + a - 760. Let q = m + 215. What is the tens digit of q?
6
What is the tens digit of 2/7 - (20404/(-28) + -16)?
4
Let z(o) = o**3 + 7*o**2 - 12*o - 7. What is the units digit of z(5)?
3
Suppose -879 = -4*a + 669. Let y be 16/6*a/6. Let n = y - 118. What is the tens digit of n?
5
Suppose 0*p + 17*p = 5168. What is the hundreds digit of p?
3
Suppose -231 + 171 = -4*a. What is the units digit of a/(-25) - (-2786)/10?
8
Let l(k) = 10*k + 10. Let m(y) = -y - 1. Let j(t) = l(t) + 15*m(t). Let u be j(4). Let a = -12 - u. What is the tens digit of a?
1
Let s be (28/6)/(40/60). Let r = -15 + s. What is the units digit of (r/(-6))/(2/6)?
4
Suppose -4*x + 25 = 5*y, y - 5*y = -4. Suppose 3*h - 2*g = -0*h + 85, x*h - 133 = -g. What is the units digit of h?
7
Let o(d) = -d**2 + 14*d - 15. Let l be o(13). What is the tens digit of 70 + (-3)/(-2)*l?
6
Let o be (-13)/(-1) + 4*(-3)/(-6). What is the tens digit of (o + 10)*26/5?
3
Let u = -96 - -170. Let y = u + -14. What is the tens digit of y?
6
Let c = -6 - -8. What is the tens digit of (-8)/(-2)*32/c?
6
What is the thousands digit of (-5 - (-3000)/56)/((-4)/(-350))?
4
Let n(x) = 64*x**2 + 32*x + 147. What is the hundreds digit of n(-4)?
0
Let c(t) = 573*t + 36. What is the thousands digit of c(4)?
2
Let t be 6/4*(0 - (-8)/6). Suppose -5*k + 2*b - b + 341 = 0, t*k + 3*b = 150. What is the units digit of k?
9
Suppose 2424 = 8*v - 0*v. What is the units digit of v?
3
Suppose -55 = -5*j + 3*f, -3*j - 2*j - 4*f = -20. Suppose 5*v = -5*a + 45, 4*a + 3*v - 35 = -1. Let z = j - a. What is the units digit of z?
1
Suppose -484 = -2*b + 4*b. Let n = -171 - b. What is the units digit of n?
1
What is the hundreds digit of -444*(88/(-12))/11?
2
Let i = -118 + 692. What is the hundreds digit of i?
5
Let a = 26 + -29. Let j = 11 + a. Let o = j + 7. What is the tens digit of o?
1
What is the units digit of 668/8 - 42/(-12)?
7
What is the units digit of -926*((-1050)/(-20))/(-21)?
5
Let u = 7 + -7. Let f = 2 + u. Suppose -5 + 15 = f*h. What is the units digit of h?
5
Let k = -59 + 83. Suppose k*r = 19*r + 810. What is the tens digit of r?
6
Let h(l) = 3*l**2 + 5*l + 10. Let k be ((-2)/4)/((-3)/66). Let w(z) = -8*z**2 - 15*z - 30. Let d(b) = k*h(b) + 4*w(b). What is the tens digit of d(8)?
1
Let w(c) = -2*c**3 + 10*c**2 + 18*c - 27. Let s be w(6). Let q be ((-3)/(-2))/(3/4). Suppose -1 - s = -q*p. What is the units digit of p?
5
Suppose 4*h + 10 = -3*w, 4*w - 3*h = 13 + 7. Let d(u) = 2*u. Let g be d(w). Suppose 5*v - 21 = g*v. What is the tens digit of v?
2
Suppose 2*z - 240 = 3*q - 18, 0 = -4*q - 16. Suppose 2*w + i = z, -52 = -2*w - 5*i + 57. What is the tens digit of w?
5
Let z = -17 - -17. Suppose -4*d + 67 + 1 = z. Let a = d + 1. What is the units digit of a?
8
Suppose -2*j - 32 = -2*l, -2*j = -4*l - 5*j + 36. Let o(x) = x**3 - 9*x**2 - 20*x - 7. What is the tens digit of o(l)?
8
Suppose 16893 = 31*r - 7225. What is the hundreds digit of r?
7
Suppose 15*h = 13*h + 6. Suppose h*w + 3*x - 147 = 2*x, 2*x + 106 = 2*w. What is the tens digit of w?
5
Let x(c) = c**3 + 8*c**2 - 10*c + 4. Let d be x(-9). Let k be (-3 - d*-11) + 3. Suppose 3*g - k = l, -4*g = -0*g + 4*l - 180. What is the units digit of g?
7
Suppose -2*b + 5*d = -1115, -3*b = -8*b - 4*d + 2837. What is the hundreds digit of b?
5
Suppose -20*t - 31249 = -105829. What is the units digit of t?
9
Suppose k - w - 7 = 0, w + 4 + 1 = 0. Suppose -p - k*p + 642 = 4*t, 0 = 5*t + 2*p - 806. What is the units digit of t?
2
Suppose 38*f - 10950 = 23*f. What is the tens digit of f?
3
Suppose 5*u - 642 = 353. Suppose -u = -6*d - 31. Let k = d - 15. What is the units digit of k?
3
Let o(y) = 5*y**2 + 5*y + 8. Let h be o(-3). Let j = h + -14. What is the tens digit of j?
2
Let a = -252 - -131. Let m = a + 294. What is the hundreds digit of m?
1
Suppose -2*g + t + t - 80 = 0, 0 = g + 3*t + 48. Let i = g - -70. Suppose 3*v = -2*w - 2*v + i, -4*w - 3*v = -42. What is the units digit of w?
9
Let g(k) = -k**3 + 15*k**2 + 19*k + 28. Let a = -9 + 25. What is the tens digit of g(a)?
7
What is the units digit of 1 + 132 - (11 + -10)?
2
Suppose -p - 8 = -2*t, p - 12 = -7*t + 4*t. Suppose p = -4*j + 6*j - 4. Suppose 5*b + 0*b - 2*l = 233, -j*b - 5*l + 99 = 0. What is the units digit of b?
7
Suppose -25*x + i - 9043 = -30*x, -3*i + 1817 = x. What is the tens digit of x?
0
Let c(r) = -11*r - 223. What is the units digit of c(-21)?
8
Suppose -526 = -10*k - 76. What is the units digit of (15/k)/(2/12)?
2
Let a be 1*88 - (-4)/(4/1). Suppose -92*d + a*d + 435 = 0. What is the units digit of d?
5
Let t(l) = -28*l. Let a be t(-4). Suppose -78 - a = -5*n. What is the units digit of n?
8
Suppose -4*t + 265 = 65. What is the tens digit of t?
5
Suppose -2*i + 2 = -2*j - 2, 5*i + 5*j + 40 = 0. Let m be i*(-1)/((-4)/(-64)). Let c = m + -20. What is the tens digit of c?
2
What is the hundreds digit of (1/2)/(8/41712 - 0)?
6
Suppose 39 = 4*w + 19. Let q = -6 - -24. Suppose w*d - q = 2*d. What is the units digit of d?
6
Suppose 20*s - 27*s = -63. What is the units digit of s?
9
Let a(g) = 9*g + 14. Let p be 1 + 1/1 + 7. What is the units digit of a(p)?
5
Suppose -2*n + 105 = -229. What is the hundreds digit of n?
1
Let q = 11 + -9. Suppose 3*y = -a - q*y + 10, -a + 8 = 4*y. Suppose -4*n + a*n = -116. What is the units digit of n?
9
Let d(n) = -n**3 + 16*n**2 + 11*n - 25. What is the hundreds digit of d(15)?
3
Suppose -3*d - 2*d + 75 = 0. Let k = d + -12. Suppose -6*c + 3*c - 5*j = -34, -c + k*j + 2 = 0. What is the units digit of c?
8
Let n be (-12)/(-9)*12 + -3. Let a = n - 16. What is the units digit of a/(-6) - 5/(-10)?
1
Let k(o) = -o**3 - 8*o**2 + 6*o + 12. Let t be k(-9). Let b = 160 - t. Suppose 3*x + 2*s - b = -0*x, x - 3*s - 22 = 0. What is the tens digit of x?
3
Suppose i - 22*y = -21*y + 652, -i - 4*y + 672 = 0. What is the tens digit of i?
5
Let f = -28 + 8. Let v be (24/f)/((-3)/100). Suppose -v - 30 = -2*a. What is the tens digit of a?
3
Let j(g) be the second derivative of -8*g - 1/12*g**4 + 5/2*g**2 + 8/3*g**3 + 0. What is the units digit of j(14)?
3
Let z(i) = -2*i + 14. Let m be z(5). Let c be 93/15 + m/5. Suppose 0 = c*f - 294 - 7. What is the tens digit of f?
4
Suppose 3*t = -t + 2748. Let p = t + -473. What is the tens digit of p?
1
Suppose -2*v + 3 - 5 = 0. Let z(u) = 21*u**2 + 3*u + 2. What is the units digit of z(v)?
0
Let u(m) = m - 9. Let i be u(10). Suppose -4*y + 43 = 3*p + y, -p + y = -i. Suppose 3*h = -5*r + 38 - p, 4*r - 25 = -3*h. What is the units digit of r?
7
Let k be 63 - (1 + -6 - -1). Let x = -31 + k. What is the units digit of x?
6
Let z(v) = v. Let w = 3 - 5. Let r(o) = o - 2. Let h(p) = w*z(p) + r(p). What is the units digit of h(-16)?
4
Suppose 20 = 20*t - 15*t. Let m be 2 + 1 - 1*-5. What is the units digit of (t - (m - 4)) + 6?
6
Suppose -112 = 4*n - 4*u, 6*u + 67 = -4*n + u. Let a(i) = i**3 + 22*i**2 - 31*i - 52. What is the tens digit of a(n)?
3
Let j = -992 - -1711. Suppose -1425 - j = -16*g. What is the tens digit of g?
3
Suppose 20 = -3*q - q, 1972 = f - q. What is the tens digit of f?
6
Let t(g) = -g**3 - 4*g**2 + 3. Let f be t(-4). Suppose 2*p = -f*p - 5. What is the tens digit of 22 - (4 + 0) - 